d**2 - 6 - 5*d**2 + 0 + 5*d**2 + d. Let i be g(-3). Let a = 22 + -10. What is the highest common factor of a and i?
12
Let f = -1479 - -1524. Calculate the highest common factor of 387 and f.
9
Let f = 10 - 41. Let a = f + 32. What is the greatest common factor of a and 1?
1
Suppose 58 = -0*v + 29*v. Calculate the greatest common divisor of 196 and v.
2
Let v(r) = -r - 3. Let x be v(-10). Let q = -9 - -6. Let p(z) = -4*z + 2. Let w be p(q). Calculate the highest common divisor of x and w.
7
Let u(n) = -n**2 - 10*n - 17. Let l be u(-7). Calculate the greatest common divisor of 60 and l.
4
Let j be 0 + (-84)/(9/(-3)). Suppose -3*u - j = 5*f, -2*u - 3 + 51 = -5*f. Let v be (0 - f)/(2/14). Calculate the greatest common factor of v and 140.
28
Suppose 4*a = 12726 - 2770. What is the greatest common divisor of 19 and a?
19
Suppose 12 = -3*g + 42. Suppose -5*j + 553 = 3*f, 12*f - 218 = -2*j + 14*f. Calculate the greatest common divisor of j and g.
10
Let c be -3 + (-2 - -4) + 5. Suppose -4*o - c*v = -o - 235, -o + v + 76 = 0. What is the greatest common divisor of 14 and o?
7
Let q(j) = j**3 - 4*j**2 + 3*j + 4. Let y be q(3). Let h(s) = -s**3 - 21*s**2 - 98*s + 98. Let c be h(-13). What is the highest common divisor of y and c?
4
Let g = 312 - 249. What is the highest common factor of 63 and g?
63
Let n = 14 + 11. Suppose -5*h + n = 0, 2*v = 3*h + 32 + 5. Let o = 36 - v. Calculate the highest common divisor of 4 and o.
2
Let k = 460 + -455. What is the greatest common divisor of k and 125?
5
Let m = 29 + -22. Let w = 21 + m. Calculate the greatest common divisor of w and 4.
4
Suppose 0 = 22*u - 1304 + 182. What is the highest common factor of u and 493?
17
Let v = 10 + -13. Let d = 0 - v. What is the greatest common divisor of 18 and d?
3
Suppose -2 = -2*c + 4. Let q = -26 - -41. Let m be ((1 - 0) + 34)*9/q. What is the highest common factor of c and m?
3
Let o(h) = -7*h + 4. Let m(s) = -8*s + 3. Let k(n) = -3*m(n) + 4*o(n). Let l be k(-12). What is the greatest common divisor of l and 22?
11
Suppose -29*p + 39 = -106. Let n be 30/(2*(-3)/(-4)). What is the highest common factor of p and n?
5
Suppose -6*r + 9 = -3*r. Let y(l) = 4*l**2 + 3*l**2 + 8*l**2 - 16*l**2 + 3 - 10*l. Let f be y(-7). What is the highest common factor of f and r?
3
Suppose -80 = -2*z - 2*z. Suppose -5*n = -f + 59, 0 = -2*f - 0*f - 2. Let h = -4 - n. Calculate the highest common factor of h and z.
4
Let x(h) = -75*h + 540. Let c be x(6). What is the highest common divisor of 70 and c?
10
Suppose 3*s - s = 204. Let f = -66 + s. What is the highest common factor of f and 54?
18
Let t = -131 - -137. Let r(x) = -3*x + 55. Let j be r(t). Calculate the highest common divisor of j and 185.
37
Suppose -5 = -k, m - 8*m + k + 1003 = 0. Calculate the greatest common factor of m and 288.
144
Let f = -4 - -69. Let t = f - 60. What is the highest common factor of t and 1?
1
Let p(z) = -z**2 + 13*z - 16. Suppose -9*r = -3*r - 66. Let v be p(r). Calculate the greatest common divisor of 54 and v.
6
Let w = 877 - 508. Calculate the greatest common divisor of w and 41.
41
Suppose 8 = -2*n, 5*v + 0*n - 751 = 4*n. Let b(i) = -i**3 - 5*i**2 + 2*i - 3. Let g be b(-6). Calculate the highest common divisor of g and v.
21
Let q = 786 + 141. What is the highest common factor of 9 and q?
9
Let q = 6 - 8. Let g be -75*2/10*q. Let j be g*-1*(-1 - 0). What is the greatest common divisor of 12 and j?
6
Let i = 5 + 5. Let p(z) = 2*z + 158. Let n be p(16). Calculate the highest common divisor of n and i.
10
Suppose 9*q - 466 = 128. Calculate the greatest common divisor of 12 and q.
6
Suppose c - 453 + 61 = -5*m, 24 = m + 7*c. Let h(x) = 5*x**2 + 5*x + 2. Let n be h(-3). What is the highest common divisor of n and m?
16
Suppose r = -7*o + 4*o + 89, -5*r = -3*o - 481. What is the highest common divisor of r and 57?
19
Suppose 0 = -311*t + 307*t + 20. What is the greatest common factor of t and 14?
1
Let g(d) be the third derivative of d**6/120 - d**5/15 + d**4/8 + d**3/6 + d**2. Let n be g(4). Let p = n + -4. Calculate the highest common factor of p and 63.
9
Suppose -4*j - z = -484, 2*j - 3*z - 588 = -3*j. Let x(w) = 5*w**2 - 3 + w**3 - 2 + w + w**2. Let k be x(-5). What is the greatest common factor of k and j?
15
Let n = 90 + 9. Suppose 6*t - n - 381 = 0. Calculate the greatest common divisor of 10 and t.
10
Let r(b) = -b**3 - 37*b**2 - 134*b + 29. Let a be r(-33). Calculate the greatest common factor of a and 76.
19
Suppose 60*h - 75229 = 7271. What is the highest common divisor of 110 and h?
55
Suppose 5*n = -5*i + 5, -5*i + n = -n - 12. Let v = i - -1. Let f = 4 + v. What is the highest common divisor of f and 49?
7
Suppose -1773 - 747 = -35*n. What is the greatest common factor of n and 27?
9
Let u(i) = -28*i**2 + 5*i + 134*i**2 - 61*i**2 + 1. Let p be u(-2). Calculate the highest common factor of 19 and p.
19
Let b = 0 - -3. Suppose 12 = 6*k - 6. What is the greatest common divisor of k and b?
3
Suppose 0 = -2*h - 4*w + 14, 6 = 5*w + 1. Let j = -100 - -105. What is the greatest common divisor of h and j?
5
Suppose 27*z - 4840 = 19*z. Calculate the greatest common factor of z and 22.
11
Let j be 2/2 + (-1)/(-1). Let o(h) = 26*h**3 - 3*h + 1. Let z be o(j). Suppose 4*n + 75 = z. Calculate the greatest common factor of n and 4.
4
Let q be (0 - 215) + (-4)/2. Let h = q + 1133. Suppose -h = -5*f - b, 3*f + 3*b - 532 = -2*b. What is the highest common divisor of f and 23?
23
Let q = 49 + 23. Suppose q = -2*h + 11*h. What is the highest common divisor of 20 and h?
4
Suppose -16 = 3*g + 50. Let l = g + 82. What is the highest common divisor of l and 150?
30
Let r be (2/(-6))/(9/189). Let f = 17 + r. What is the highest common factor of 50 and f?
10
Let c be 205/1 + (31 - 40). Calculate the greatest common factor of 686 and c.
98
Let y be (-8)/60 - (-102)/90. What is the greatest common factor of 13 and y?
1
Suppose -2*a + 91 = 5*q, 55*q + 45 = 58*q - 2*a. What is the greatest common factor of 1377 and q?
17
Suppose -6*i = -3*i + 36. Let d be (-16)/i*(-18)/(-4). Let m be d/(-39) + 862/26. Calculate the highest common factor of 11 and m.
11
Let p = 93 - 44. What is the greatest common divisor of p and 49?
49
Suppose -8*s = -13*s + 300. Suppose s + 560 = 5*x. Calculate the greatest common divisor of 31 and x.
31
Suppose 4*i + 42 = -3*i. Let u(y) = y**3 + 9*y**2 + 12*y - 3. Let l be u(i). What is the highest common factor of l and 22?
11
Suppose 0 = z - 4*z + 9. Suppose -9 - 45 = -z*s. Suppose -6 = f - 2*f - 3*t, f + 4*t - 2 = 0. Calculate the greatest common factor of s and f.
18
Let m(o) = -5*o + 6. Let h be m(4). Let b(k) = -k**3 - 14*k**2 - 10*k - 28. Let g be b(h). What is the greatest common divisor of 16 and g?
16
Let s(i) = 10*i - 69. Let b be s(7). What is the greatest common divisor of 24 and b?
1
Let u(b) = b**2 - 9*b - 86. Let p be u(-6). Calculate the greatest common factor of p and 6.
2
Suppose -2*r = -3*r + 11. Suppose 2*v = 33 + r. Let g be (-6)/12*v/(-1). Calculate the greatest common divisor of 88 and g.
11
Let k be (580/(-14))/((-24)/84). What is the greatest common divisor of k and 3480?
145
Suppose -219 = -5*o - 69. Suppose 0 = -17*x + o*x - 910. What is the highest common divisor of 28 and x?
14
Let p(m) = -733*m + 67. Let a be p(-1). What is the highest common factor of 250 and a?
50
Let j = 14 + 7. Let w(r) = 6*r**2 + r - 3. Let p be w(-3). Let z = p - 34. Calculate the highest common divisor of j and z.
7
Let p be (-18)/(-4) - (-2)/4. Suppose -55*k - 21*k = -76. What is the highest common divisor of k and p?
1
Suppose 0 = 2*q - 71 - 19. Let v = 19 + 4. Let g = -18 + v. What is the greatest common factor of g and q?
5
Let x = -94 - -99. What is the greatest common factor of 4 and x?
1
Suppose 0 = -4*m - 26 - 6. Let d = m - -26. Let l = d + -12. What is the greatest common divisor of l and 36?
6
Let q be (17/51)/(2/108) + -1. What is the highest common divisor of q and 3?
1
Suppose -5*c = -3*n - 2, -5*c = 5*n - 2*n - 8. Suppose t = 4*r - 3 + n, -5*t - 4*r + 62 = 0. Calculate the greatest common factor of t and 40.
10
Let p = -89 + 163. Suppose 3*s + s - 4*x = 56, -x - p = -5*s. Calculate the greatest common factor of s and 5.
5
Suppose -7*d = -2*d - 100. Let j(a) = -a**2 + 18*a + 33. Let i b